{"id":156,"date":"2018-08-02T09:41:43","date_gmt":"2018-08-02T09:41:43","guid":{"rendered":"http:\/\/themes.axilweb.com\/wp\/cynic\/trendy-one-page-agency\/?page_id=6"},"modified":"2026-02-24T16:43:02","modified_gmt":"2026-02-24T21:43:02","slug":"trendy-homepage","status":"publish","type":"page","link":"https:\/\/www.securityservip.com\/","title":{"rendered":"Small Homepage"},"content":{"rendered":"<p>[vc_row][vc_column]        <!-- HomePage Banner\r\n        ======================================= -->\r\n        <div class=\"banner small-agency-home-header-bg\" id=\"top\">\r\n            <svg class=\"bg-shape shape-home-banner reveal-from-right\" xmlns=\"http:\/\/www.w3.org\/2000\/svg\" xmlns:xlink=\"http:\/\/www.w3.org\/1999\/xlink\" width=\"779px\"\r\n                 height=\"759px\">\r\n                <defs>\r\n                    <linearGradient id=\"PSgrad_01\" x1=\"70.711%\" x2=\"0%\" y1=\"70.711%\" y2=\"0%\">\r\n                        <stop offset=\"0%\" stop-color=\"rgb(237,247,255)\" stop-opacity=\"1\" \/>\r\n                        <stop offset=\"100%\" stop-color=\"rgb(237,247,255)\" stop-opacity=\"0\" \/>\r\n                    <\/linearGradient>\r\n\r\n                <\/defs>\r\n                <path fill-rule=\"evenodd\" fill=\"url(#PSgrad_01)\" d=\"M111.652,578.171 L218.141,672.919 C355.910,795.500 568.207,784.561 692.320,648.484 C816.434,512.409 805.362,302.726 667.592,180.144 L561.104,85.396 C423.334,-37.184 211.037,-26.245 86.924,109.832 C-37.189,245.908 -26.118,455.590 111.652,578.171 Z\"\r\n                \/>\r\n            <\/svg>\r\n\r\n            <div class=\"container\">\r\n                <div class=\"banner-content\">\r\n                    <div class=\"trendy-banner\" style=\"background-image: url(https:\/\/www.securityservip.com\/wp-content\/uploads\/2026\/02\/Picture556.jpg);\"><\/div>\r\n                    <h1>Servicios Integrales<\/h1>\r\n                    <p class=\"section-subheading\"><span>La seguridad privada es crucial en <\/span><\/p><span class=\"newline\"><\/span><p><span>eventos masivos porque previene riesgos, <\/span><\/p><span class=\"newline\"><\/span><p><span>protege asistentes y activos, y asegura la<\/span><\/p><span class=\"newline\"><\/span><p><span> fluidez del evento.<\/span><\/p>\r\n                    <a href=\"https:\/\/www.securityservip.com\/index.php\/website-design\/\"  class=\"custom-btn btn-big grad-style-ef page-scroll\">Servicios<\/a>                <\/div>\r\n                <!-- End of .banner-content -->\r\n            <\/div>\r\n            <!-- End of .container -->\r\n        <\/div>\r\n        <!-- End of .header -->\r\n        [\/vc_column][\/vc_row][vc_section el_id=&#8221;services&#8221; el_class=&#8221;services container&#8221;][vc_row el_class=&#8221;m-b-30&#8243;][vc_column width=&#8221;1\/3&#8243; el_class=&#8221;m-b-30&#8243;]\r\n                    <a href=\"https:\/\/www.securityservip.com\/index.php\/website-design\/\"\r\n                               class=\"service-box text-center content-block\">\r\n                <div class=\"box-bg txt-grad-cd\"><\/div>\r\n                <span class=\"icon-container  grad-style-cd-light\">\r\n                            <i class=\"ml-dat-69-database-computer-network-internet-server txt-grad-cd\"><\/i>\r\n                    <\/span>\r\n                <h5 class=\"text-center\">Gesti\u00f3n y log\u00edstica<\/h5>\r\n                <p>Proporcionamos toda la gesti\u00f3n, entrenamiento, supervisi\u00f3n y equipos a fin de planificar, programar y asegurar el eficaz funcionamiento de los servicios contratados.<\/p>\r\n            <\/a>\r\n                [\/vc_column][vc_column width=&#8221;1\/3&#8243; el_class=&#8221;m-b-30&#8243;]\r\n                    <a href=\"#\"\r\n                               class=\"service-box text-center content-block\">\r\n                <div class=\"box-bg txt-grad-ab\"><\/div>\r\n                <span class=\"icon-container  grad-style-ab-light\">\r\n                            <i class=\"ml-edu-88-colleague-avatars-people-work-place-share-connection txt-grad-ab\"><\/i>\r\n                    <\/span>\r\n                <h5 class=\"text-center\">Categorizaci\u00f3n de oficiales de seguridad<\/h5>\r\n                <p>Nuestro personal operativo, bajo la directriz de criterios administrativos actualizados y equilibrio organizacional, labora mediante reportes de operaciones y siniestralidad que categorizan el personal adecuado seg\u00fan sus requerimientos; basados en criterios operativos y equipamiento para capacidad de respuesta.<\/p>\r\n            <\/a>\r\n                [\/vc_column][\/vc_row][\/vc_section][vc_section el_id=&#8221;about-us&#8221; el_class=&#8221;about-us&#8221;][vc_row][vc_column]\r\n                    <svg class=\"bg-shape shape-about reveal-from-right\" xmlns=\"http:\/\/www.w3.org\/2000\/svg\" width=\"779px\"\r\n                 height=\"759px\">\r\n                <defs>\r\n                    <linearGradient id=\"PSgrad_02\" x1=\"70.711%\" x2=\"0%\" y1=\"70.711%\" y2=\"0%\">\r\n                        <stop offset=\"0%\" stop-color=\"rgb(237,247,255)\" stop-opacity=\"1\"\/>\r\n                        <stop offset=\"100%\" stop-color=\"rgb(237,247,255)\" stop-opacity=\"0\"\/>\r\n                    <\/linearGradient>\r\n\r\n                <\/defs>\r\n                <path fill-rule=\"evenodd\" fill=\"url(#PSgrad_02)\"\r\n                      d=\"M111.652,578.171 L218.141,672.919 C355.910,795.500 568.207,784.561 692.320,648.484 C816.434,512.409 805.362,302.726 667.592,180.144 L561.104,85.396 C423.334,-37.184 211.037,-26.245 86.924,109.832 C-37.189,245.908 -26.118,455.590 111.652,578.171 Z\"\r\n                \/>\r\n            <\/svg>\r\n                            <div class=\"video-play-bg grad-style-cd\">\r\n                    <div class=\"lead-banner\" style=\"background-image:url(https:\/\/www.securityservip.com\/wp-content\/uploads\/2026\/02\/608417046_17997560519851882_5426121375063355262_n.jpg)\"><\/div>\r\n                    <a href=\"https:\/\/www.youtube.com\/watch?v=RXTy_WTjmJs\" class=\"video-play-btn video-popup\">\r\n                        <i class=\"fas fa-play\"><\/i>\r\n                    <\/a>\r\n                <\/div>\r\n                        <!-- End of .video-play-bg -->\r\n            <div class=\"container\">\r\n                <div class=\"row\">\r\n                    <div class=\"col-md-6 ml-auto\">\r\n                        <h2>Acerca de Nuestro Equipo<\/h2>\r\n                        Empresa dedicada a la prestaci\u00f3n de servicios de seguridad, enmarca su visi\u00f3n comercial en garantizar la protecci\u00f3n a la vida y los bienes de sus clientes bajo el sello distintivo: Orientados a protegerte.                                                    <div class=\"counter-wrapper d-flex justify-content-between\">\r\n                                                                    <div class=\"inner-block\">\r\n                                        <div class=\"counter-block d-block  txt-grad-cd\">\r\n                                            <span class=\"counter\">1500<\/span>+\r\n                                        <\/div>\r\n                                        CLIENTES FELICES                                    <\/div>\r\n                                                                    <div class=\"inner-block\">\r\n                                        <div class=\"counter-block d-block  txt-grad-ef\">\r\n                                            <span class=\"counter\">250<\/span>+\r\n                                        <\/div>\r\n                                        ACTIVIDADES PROTEGIDAS                                    <\/div>\r\n                                                                    <div class=\"inner-block\">\r\n                                        <div class=\"counter-block d-block  txt-grad-ab\">\r\n                                            <span class=\"counter\">10<\/span>+\r\n                                        <\/div>\r\n                                        ACTIVIDADES EN CURSO                                    <\/div>\r\n                                                            <\/div>\r\n                                                <!-- End of .counter-block -->\r\n                    <\/div>\r\n                    <!-- End of .col-lg-6 -->\r\n                <\/div>\r\n            <\/div>\r\n            <!-- End of .container -->\r\n            [\/vc_column][\/vc_row][\/vc_section][vc_row el_class=&#8221;featured-projects section-padding&#8221;][vc_column]                <h2 class=\"text-center\">Nuestro Portafolio<\/h2>\r\n                                <p class=\"section-subheading text-center\"><\/p><span class=\"newline\"><\/span><p class=\"section-subheading text-center\"><span>Somos una compa\u00f1\u00eda que vela por la vigilancia y seguridad privada de nuestros clientes<\/span><\/p><span class=\"newline\"><\/span><p><\/p>\r\n                        <div class=\"container\">\r\n            <h2 class=\"text-center\"><\/h2>\r\n            <p class=\"section-subheading text-center\"><\/p>\r\n\r\n            <div class=\"project-showcase text-center\">\r\n\r\n                <div id=\"portfolio-290157\" class=\"grid row\">\r\n                    \r\n        <svg class=\"bg-shape shape-project reveal-from-left\" xmlns=\"http:\/\/www.w3.org\/2000\/svg\" width=\"779px\"\r\n             height=\"759px\">\r\n            <defs>\r\n                <linearGradient id=\"PSgrad_03\" x1=\"70.711%\" x2=\"0%\" y1=\"70.711%\" y2=\"0%\">\r\n                    <stop offset=\"0%\" stop-color=\"rgb(237,247,255)\" stop-opacity=\"1\"\/>\r\n                    <stop offset=\"100%\" stop-color=\"rgb(237,247,255)\" stop-opacity=\"0\"\/>\r\n                <\/linearGradient>\r\n\r\n            <\/defs>\r\n            <path fill-rule=\"evenodd\" fill=\"url(#PSgrad_03)\"\r\n                  d=\"M111.652,578.171 L218.141,672.919 C355.910,795.500 568.207,784.561 692.320,648.484 C816.434,512.409 805.362,302.726 667.592,180.144 L561.104,85.396 C423.334,-37.184 211.037,-26.245 86.924,109.832 C-37.189,245.908 -26.118,455.590 111.652,578.171 Z\"\r\n            \/>\r\n        <\/svg>\r\n                        <\/div>\r\n                <!-- End of .grid -->\r\n                                    <a href=\"#\"\r\n                                               class=\"custom-btn btn-big grad-style-ef btn-full\">Discover More works<\/a>\r\n                            <\/div>\r\n            <!-- End of .template-showcase -->\r\n        <\/div>\r\n        <!-- End of .container -->\r\n        [\/vc_column][\/vc_row][vc_section full_width=&#8221;stretch_row_content&#8221; el_class=&#8221;case-study small-agency-case-study&#8221;][vc_row][vc_column]                    <svg class=\"bg-shape shape-case reveal-from-right\" xmlns=\"http:\/\/www.w3.org\/2000\/svg\" xmlns:xlink=\"http:\/\/www.w3.org\/1999\/xlink\" width=\"779px\"\r\n                         height=\"759px\">\r\n                        <defs>\r\n                            <linearGradient id=\"PSgrad_04\" x1=\"70.711%\" x2=\"0%\" y1=\"70.711%\" y2=\"0%\">\r\n                                <stop offset=\"0%\" stop-color=\"rgb(237,247,255)\" stop-opacity=\"1\" \/>\r\n                                <stop offset=\"100%\" stop-color=\"rgb(237,247,255)\" stop-opacity=\"0\" \/>\r\n                            <\/linearGradient>\r\n\r\n                        <\/defs>\r\n                        <path fill-rule=\"evenodd\" fill=\"url(#PSgrad_04)\" d=\"M111.652,578.171 L218.141,672.919 C355.910,795.500 568.207,784.561 692.320,648.484 C816.434,512.409 805.362,302.726 667.592,180.144 L561.104,85.396 C423.334,-37.184 211.037,-26.245 86.924,109.832 C-37.189,245.908 -26.118,455.590 111.652,578.171 Z\"\r\n                        \/>\r\n                    <\/svg>\r\n                                <div class=\"container \">\r\n                    <div class=\"row align-items-center\">\r\n                        <div class=\"col-lg-6 order-lg-2\">\r\n                            <div class=\"case-study-slider\">\r\n                                                                    <div class=\"item\">\r\n                                        <h2>Fortaleza y Mercado<\/h2>\r\n                                        <p>Solidez y experiencia de mercado como marca establecida operando continuamente en el mercado local. Legalidad vigente y actualizada sobre normas y documentos requeridos por nuestros organismos reguladores. Programa de capacitaci\u00f3n, entrenamiento e inducci\u00f3n a todo el personal de ingreso a la empresa, depurados mediante la asistencia de huellas de la polic\u00eda nacional y visita domiciliaria<\/p>\r\n                                        <div class=\"btn-container\">\r\n                                            <a href=\"javascript:void(0)\"\r\n                                               data-id=\"142\"\r\n                                               class=\"custom-btn btn-big grad-style-ab show-modal\">Amplia Informacion<\/a>\r\n                                                                                            <a href=\"https:\/\/www.youtube.com\/watch?v=lekaJReNtX4\"\r\n                                                   class=\"video-play-btn video-popup\">\r\n                                                    <i class=\"fas fa-play\"><\/i>\r\n                                                <\/a>\r\n                                                                                    <\/div>\r\n                                    <\/div>\r\n                                                                        <div class=\"item\">\r\n                                        <h2>Valores<\/h2>\r\n                                        <p>Los principales valores que identifican nuestro accionar e identidad corporativa son la integridad, compromiso, honestidad y profesionalidad, orientados de manera equitativa a la prestaci\u00f3n de nuestros servicios.<\/p>\r\n                                        <div class=\"btn-container\">\r\n                                            <a href=\"javascript:void(0)\"\r\n                                               data-id=\"148\"\r\n                                               class=\"custom-btn btn-big grad-style-ab show-modal\">Amplia Informacion<\/a>\r\n                                                                                            <a href=\"https:\/\/www.youtube.com\/watch?v=lekaJReNtX4\"\r\n                                                   class=\"video-play-btn video-popup\">\r\n                                                    <i class=\"fas fa-play\"><\/i>\r\n                                                <\/a>\r\n                                                                                    <\/div>\r\n                                    <\/div>\r\n                                                                        <div class=\"item\">\r\n                                        <h2>Politica<\/h2>\r\n                                        <p>Nuestra Pol\u00edtica de seguridad nos compromete con la prestaci\u00f3n efectiva de servicios en materia de seguridad privada, a trav\u00e9s de un personal competente y confiable, mediante un proceso planificado de cumplimiento legal que reduzca las actividades il\u00edcitas en nuestras operaciones.<\/p>\r\n                                        <div class=\"btn-container\">\r\n                                            <a href=\"javascript:void(0)\"\r\n                                               data-id=\"150\"\r\n                                               class=\"custom-btn btn-big grad-style-ab show-modal\">Amplia Informacion<\/a>\r\n                                                                                            <a href=\"https:\/\/www.youtube.com\/watch?v=lekaJReNtX4\"\r\n                                                   class=\"video-play-btn video-popup\">\r\n                                                    <i class=\"fas fa-play\"><\/i>\r\n                                                <\/a>\r\n                                                                                    <\/div>\r\n                                    <\/div>\r\n                                                                <\/div>\r\n                        <\/div>\r\n                        <div class=\"img-container col-lg-6\">\r\n                            <img decoding=\"async\" src=\"https:\/\/www.securityservip.com\/wp-content\/uploads\/2026\/02\/620986995_17999779811851882_5611526534973634047_n.jpg\" alt=\"case study image\" class=\"img-fluid\">\r\n                        <\/div>\r\n                    <\/div>\r\n                <\/div>\r\n                [\/vc_column][\/vc_row][\/vc_section][vc_row][vc_column]        <div class=\"clients \">\r\n            <div class=\"container\">\r\n                                    <h3>Nuestros Clientes<\/h3>\r\n                                    <div class=\"row justify-content-center clients-wrapper\">\r\n                                                <div class=\"client\">\r\n                                <img loading=\"lazy\" decoding=\"async\" width=\"81\" height=\"66\" src=\"https:\/\/www.securityservip.com\/wp-content\/uploads\/2026\/02\/logo1.png\" class=\"attachment-full size-full\" alt=\"\" \/>                            <\/div>\r\n                                                        <div class=\"client\">\r\n                                <img loading=\"lazy\" decoding=\"async\" width=\"127\" height=\"66\" src=\"https:\/\/www.securityservip.com\/wp-content\/uploads\/2026\/02\/logo2-1.png\" class=\"attachment-full size-full\" alt=\"\" \/>                            <\/div>\r\n                                                        <div class=\"client\">\r\n                                <img loading=\"lazy\" decoding=\"async\" width=\"87\" height=\"86\" src=\"https:\/\/www.securityservip.com\/wp-content\/uploads\/2026\/02\/logo3.jpg\" class=\"attachment-full size-full\" alt=\"\" \/>                            <\/div>\r\n                                                        <div class=\"client\">\r\n                                <img loading=\"lazy\" decoding=\"async\" width=\"96\" height=\"96\" src=\"https:\/\/www.securityservip.com\/wp-content\/uploads\/2026\/02\/logo4.jpg\" class=\"attachment-full size-full\" alt=\"\" \/>                            <\/div>\r\n                                                        <div class=\"client\">\r\n                                <img loading=\"lazy\" decoding=\"async\" width=\"85\" height=\"85\" src=\"https:\/\/www.securityservip.com\/wp-content\/uploads\/2026\/02\/logo5.jpg\" class=\"attachment-full size-full\" alt=\"\" \/>                            <\/div>\r\n                                                        <div class=\"client\">\r\n                                <img loading=\"lazy\" decoding=\"async\" width=\"97\" height=\"86\" src=\"https:\/\/www.securityservip.com\/wp-content\/uploads\/2026\/02\/logo6.jpg\" class=\"attachment-full size-full\" alt=\"\" \/>                            <\/div>\r\n                                                        <div class=\"client\">\r\n                                <img loading=\"lazy\" decoding=\"async\" width=\"118\" height=\"117\" src=\"https:\/\/www.securityservip.com\/wp-content\/uploads\/2026\/02\/logo7.jpg\" class=\"attachment-full size-full\" alt=\"\" srcset=\"https:\/\/www.securityservip.com\/wp-content\/uploads\/2026\/02\/logo7.jpg 118w, https:\/\/www.securityservip.com\/wp-content\/uploads\/2026\/02\/logo7-100x100.jpg 100w, https:\/\/www.securityservip.com\/wp-content\/uploads\/2026\/02\/logo7-108x108.jpg 108w\" sizes=\"auto, (max-width: 118px) 100vw, 118px\" \/>                            <\/div>\r\n                                            <\/div>\r\n            <\/div>\r\n        <\/div>\r\n        [\/vc_column][\/vc_row][vc_row el_id=&#8221;news&#8221; el_class=&#8221;latest-news section-padding&#8221;][vc_column]            <div class=\"container\">\r\n                <h2>Ultimas Noticias<\/h2>\r\n            <\/div>\r\n            <!-- End of .container -->\r\n            <div class=\"news-slider common-slider\">\r\n                <div class=\"carousel-container equalHeightWrapper\">\r\n                                            <div class=\"item featured-item equalHeightWrapper\">\r\n                                                            <a href=\"https:\/\/www.securityservip.com\/index.php\/2026\/02\/22\/si-necesitas-llama\/\"\r\n                                   class=\"news-content-block content-block\">\r\n                                                                        <div class=\"img-container\">\r\n                                        <img loading=\"lazy\" decoding=\"async\" width=\"420\" height=\"366\" src=\"https:\/\/www.securityservip.com\/wp-content\/uploads\/2018\/08\/404463226_18402033223035049_5112164428770554992_n-420x366.jpg\" class=\"img-fluid wp-post-image\" alt=\"\" \/>                                    <\/div>\r\n                                    <!-- End of .img-container -->\r\n                                                                <h5 class=\"equalHeight\">\r\n                                    <span class=\"content-block__sub-title\">February 22, 2026<\/span>\r\n                                    Si necesitas proteccion, llama                                <\/h5>\r\n                                <\/a>\r\n                                                            <!-- End of .featured-content-block -->\r\n                        <\/div>\r\n                        <!-- End of .item -->\r\n                                                <div class=\"item equalHeightWrapper\">\r\n                                                            <a href=\"https:\/\/www.securityservip.com\/index.php\/2026\/02\/22\/academi-adventista\/\"\r\n                                   class=\"news-content-block content-block\">\r\n                                                                        <div class=\"img-container\">\r\n                                        <img loading=\"lazy\" decoding=\"async\" width=\"420\" height=\"366\" src=\"https:\/\/www.securityservip.com\/wp-content\/uploads\/2018\/08\/588626283_17995163546851882_1726553482584688291_n-1-420x366.jpg\" class=\"img-fluid wp-post-image\" alt=\"\" \/>                                    <\/div>\r\n                                    <!-- End of .img-container -->\r\n                                                                <h5 class=\"equalHeight\">\r\n                                    <span class=\"content-block__sub-title\">February 22, 2026<\/span>\r\n                                    Academia de Rescate Adventista                                <\/h5>\r\n                                <\/a>\r\n                                                            <!-- End of .featured-content-block -->\r\n                        <\/div>\r\n                        <!-- End of .item -->\r\n                                        <\/div>\r\n                <!-- End of .carousel-container -->\r\n            <\/div>\r\n            [\/vc_column][\/vc_row]<\/p>\n","protected":false},"excerpt":{"rendered":"<p>[vc_row][vc_column][\/vc_column][\/vc_row][vc_section el_id=&#8221;services&#8221; el_class=&#8221;services container&#8221;][vc_row el_class=&#8221;m-b-30&#8243;][vc_column width=&#8221;1\/3&#8243; el_class=&#8221;m-b-30&#8243;][\/vc_column][vc_column width=&#8221;1\/3&#8243; el_class=&#8221;m-b-30&#8243;][\/vc_column][\/vc_row][\/vc_section][vc_section el_id=&#8221;about-us&#8221; el_class=&#8221;about-us&#8221;][vc_row][vc_column][\/vc_column][\/vc_row][\/vc_section][vc_row el_class=&#8221;featured-projects section-padding&#8221;][vc_column][\/vc_column][\/vc_row][vc_section full_width=&#8221;stretch_row_content&#8221; el_class=&#8221;case-study small-agency-case-study&#8221;][vc_row][vc_column][\/vc_column][\/vc_row][\/vc_section][vc_row][vc_column][\/vc_column][\/vc_row][vc_row el_id=&#8221;news&#8221; el_class=&#8221;latest-news section-padding&#8221;][vc_column][\/vc_column][\/vc_row]<\/p>\n","protected":false},"author":1,"featured_media":0,"parent":0,"menu_order":0,"comment_status":"closed","ping_status":"closed","template":"template-modernpage.php","meta":{"footnotes":""},"class_list":["post-156","page","type-page","status-publish","hentry"],"_links":{"self":[{"href":"https:\/\/www.securityservip.com\/index.php\/wp-json\/wp\/v2\/pages\/156","targetHints":{"allow":["GET"]}}],"collection":[{"href":"https:\/\/www.securityservip.com\/index.php\/wp-json\/wp\/v2\/pages"}],"about":[{"href":"https:\/\/www.securityservip.com\/index.php\/wp-json\/wp\/v2\/types\/page"}],"author":[{"embeddable":true,"href":"https:\/\/www.securityservip.com\/index.php\/wp-json\/wp\/v2\/users\/1"}],"replies":[{"embeddable":true,"href":"https:\/\/www.securityservip.com\/index.php\/wp-json\/wp\/v2\/comments?post=156"}],"version-history":[{"count":29,"href":"https:\/\/www.securityservip.com\/index.php\/wp-json\/wp\/v2\/pages\/156\/revisions"}],"predecessor-version":[{"id":674,"href":"https:\/\/www.securityservip.com\/index.php\/wp-json\/wp\/v2\/pages\/156\/revisions\/674"}],"wp:attachment":[{"href":"https:\/\/www.securityservip.com\/index.php\/wp-json\/wp\/v2\/media?parent=156"}],"curies":[{"name":"wp","href":"https:\/\/api.w.org\/{rel}","templated":true}]}}