{"id":251,"date":"2018-09-18T09:59:28","date_gmt":"2018-09-18T09:59:28","guid":{"rendered":"http:\/\/themes.axilweb.com\/wp\/cynic\/trendy-small-digital-agency\/?page_id=251"},"modified":"2018-09-18T09:59:28","modified_gmt":"2018-09-18T09:59:28","slug":"social-media-marketing","status":"publish","type":"page","link":"https:\/\/www.securityservip.com\/index.php\/social-media-marketing\/","title":{"rendered":"Social Media Marketing"},"content":{"rendered":"<p>[vc_section el_class=&#8221;image-with-description&#8221;][vc_row][vc_column]\r\n        <div class=\"trigger-image-with-description\"><\/div>\r\n        <svg class=\"bg-shape image-with-description-shape-bg reveal-from-right\" xmlns=\"http:\/\/www.w3.org\/2000\/svg\" xmlns:xlink=\"http:\/\/www.w3.org\/1999\/xlink\"\r\n             width=\"779px\" height=\"759px\">\r\n            <defs>\r\n                <linearGradient id=\"PSgrad_03\" x1=\"70.711%\" x2=\"0%\" y1=\"70.711%\" y2=\"0%\">\r\n                    <stop offset=\"0%\" stop-color=\"rgb(237,247,255)\" stop-opacity=\"1\" \/>\r\n                    <stop offset=\"100%\" stop-color=\"rgb(237,247,255)\" stop-opacity=\"0\" \/>\r\n                <\/linearGradient>\r\n            <\/defs>\r\n            <path fill-rule=\"evenodd\" fill=\"url(#PSgrad_03)\" d=\"M111.652,578.171 L218.141,672.919 C355.910,795.500 568.207,784.561 692.320,648.484 C816.434,512.409 805.362,302.726 667.592,180.144 L561.104,85.396 C423.334,-37.184 211.037,-26.245 86.924,109.832 C-37.189,245.908 -26.118,455.590 111.652,578.171 Z\"\r\n            \/>\r\n        <\/svg>\r\n\r\n        <div class=\"container\">\r\n            <div class=\"row align-items-center image-with-description-block\">\r\n                <div class=\"col-lg-6\">\r\n                    <h2>Result Oriented Marketing<\/h2>\r\n                    <p>Aenean consectetur massa quis sem volutpat, a condimentum tortor pretium. Cras id ligula consequat, sagittis nulla at, sollicitudin lorem. Orci varius natoque penatibus et magnis dis parturient montes<\/p>\r\n                                            <ul class=\"common-list-items\">\r\n                                                            <li><i class=\"ml-tec-44-responsive-mobile-phone-tablet-computer-desktop-monitor-laptop\"><\/i> One design for your desktop, tab and mobile.<\/li>\r\n                                                            <li><i class=\"ml-tec-47-disc-device-plug-computer-desktop-monitor-laptop\"><\/i> Beautiful and modern design that makes difference.<\/li>\r\n                                                            <li><i class=\"ml-tec-43-computer-desktop-monitor-laptop\"><\/i> Boost your sales with strategically built user experience.<\/li>\r\n                                                    <\/ul>\r\n                        <!-- End of .common-list-items -->\r\n                                    <\/div>\r\n                <!-- End of .col-lg-6 -->\r\n\r\n                <div class=\"col-lg-6 text-lg-right\">\r\n                    <img decoding=\"async\" src=\"https:\/\/www.securityservip.com\/wp-content\/uploads\/2018\/09\/smm.jpg\" alt=\"\" class=\"img-fluid\">\r\n                <\/div>\r\n                <!-- End of .col-lg-6 -->\r\n            <\/div>\r\n            <!-- End of .row -->\r\n        <\/div>\r\n        <!-- End of .container -->\r\n        [\/vc_column][\/vc_row][\/vc_section][vc_section el_class=&#8221;our-process section-padding&#8221;][vc_row][vc_column]                <h2 class=\"text-center\">Our Process<\/h2>\r\n                                <p class=\"section-subheading text-center\">Great websites add great values to your business. From wire-framing to<br \/><span class=\"newline\"><\/span>PSD designing, we do it all.<\/p>\r\n                        <div class=\"container\">\r\n        <div class=\"service-process-tab \">\r\n            <ul class=\"nav nav-tabs service-tab-nav\" id=\"service-tab-nav\" role=\"tablist\">\r\n                        <li class=\"nav-item\" role=\"descover\">\r\n            <a class=\"nav-link active\" href=\"#customtab-13076369d7ca85e2601\" aria-controls=\"customtab-13076369d7ca85e2601\" role=\"tab\" data-toggle=\"tab\">\r\n                <i class=\"ml-edu-8-telescope-geography-astronomy-science-research-discover\"><\/i>\r\n                <span>Descover<\/span>\r\n            <\/a>\r\n        <\/li>\r\n                <li class=\"nav-item\" role=\"strategy\">\r\n            <a class=\"nav-link \" href=\"#customtab-15270769d7ca85e2bfe\" aria-controls=\"customtab-15270769d7ca85e2bfe\" role=\"tab\" data-toggle=\"tab\">\r\n                <i class=\"ml-baftwo-43-chess-leader-leadership-horse-strategy\"><\/i>\r\n                <span>Strategy<\/span>\r\n            <\/a>\r\n        <\/li>\r\n                <li class=\"nav-item\" role=\"optimization\">\r\n            <a class=\"nav-link \" href=\"#customtab-42703369d7ca85e321d\" aria-controls=\"customtab-42703369d7ca85e321d\" role=\"tab\" data-toggle=\"tab\">\r\n                <i class=\"ml-baftwo-42-jigsaw-puzzle-solve-problem-strategy\"><\/i>\r\n                <span>Optimization<\/span>\r\n            <\/a>\r\n        <\/li>\r\n                <li class=\"nav-item\" role=\"content\">\r\n            <a class=\"nav-link \" href=\"#customtab-72097869d7ca85e37b7\" aria-controls=\"customtab-72097869d7ca85e37b7\" role=\"tab\" data-toggle=\"tab\">\r\n                <i class=\"ml-baftwo-56-legal-document-sign-contract-paper\"><\/i>\r\n                <span>Content<\/span>\r\n            <\/a>\r\n        <\/li>\r\n                <li class=\"nav-item\" role=\"reporting\">\r\n            <a class=\"nav-link \" href=\"#customtab-43198469d7ca85e3d3e\" aria-controls=\"customtab-43198469d7ca85e3d3e\" role=\"tab\" data-toggle=\"tab\">\r\n                <i class=\"ml-baftwo-37-discount-legal-paper-bill-invoice-percentage\"><\/i>\r\n                <span>Reporting<\/span>\r\n            <\/a>\r\n        <\/li>\r\n                    <\/ul>\r\n            <!-- Tab panes -->\r\n            <div class=\"tab-content service-tab-content\" id=\"service-tab\">\r\n                        <div role=\"tabpanel\" class=\"tab-pane active\" id=\"customtab-13076369d7ca85e2601\">\r\n            <div class=\"row no-gutters align-items-center\">\r\n                <div class=\"col-lg-5 text-lg-right\">\r\n                    <img loading=\"lazy\" decoding=\"async\" width=\"420\" height=\"320\" src=\"https:\/\/www.securityservip.com\/wp-content\/uploads\/2018\/09\/smm-process-img-1.jpg\" class=\"img-fluid\" alt=\"\" srcset=\"https:\/\/www.securityservip.com\/wp-content\/uploads\/2018\/09\/smm-process-img-1.jpg 420w, https:\/\/www.securityservip.com\/wp-content\/uploads\/2018\/09\/smm-process-img-1-300x229.jpg 300w\" sizes=\"auto, (max-width: 420px) 100vw, 420px\" \/>                <\/div>\r\n                <!-- End of .col-lg-6 -->\r\n\r\n                <div class=\"col-lg-6 offset-lg-1 text-center text-lg-left\">\r\n                    <h4>Descover<\/h4>\r\n                    <p>Lorem ipsum dolor sit amet, consectetuer adipiscing elit, sed diam nonummy nibh euismod tincid unt ut laoreet dolore magna aliquam erat volutpat. Ut wisi enim ad minim veniam.<\/p><span class=\"newline\"><\/span><p>Quis nostrud exerci tation ullam corper suscipit lobortis nisl ut aliquip ex ea commodo consequat.<\/p>\r\n                    <a href=\"#\" class=\"text-only-btn\">Next Process                        <i class=\"ml-symone-2-arrow-left-right-up-down-increase-decrease\"><\/i>\r\n                    <\/a>\r\n                <\/div>\r\n                <!-- End of .col-lg-6 -->\r\n            <\/div>\r\n        <\/div>\r\n                <div role=\"tabpanel\" class=\"tab-pane \" id=\"customtab-15270769d7ca85e2bfe\">\r\n            <div class=\"row no-gutters align-items-center\">\r\n                <div class=\"col-lg-5 text-lg-right\">\r\n                    <img loading=\"lazy\" decoding=\"async\" width=\"420\" height=\"320\" src=\"https:\/\/www.securityservip.com\/wp-content\/uploads\/2018\/09\/seo-process-img-2.jpg\" class=\"img-fluid\" alt=\"\" srcset=\"https:\/\/www.securityservip.com\/wp-content\/uploads\/2018\/09\/seo-process-img-2.jpg 420w, https:\/\/www.securityservip.com\/wp-content\/uploads\/2018\/09\/seo-process-img-2-300x229.jpg 300w\" sizes=\"auto, (max-width: 420px) 100vw, 420px\" \/>                <\/div>\r\n                <!-- End of .col-lg-6 -->\r\n\r\n                <div class=\"col-lg-6 offset-lg-1 text-center text-lg-left\">\r\n                    <h4>Strategy<\/h4>\r\n                    <p>Lorem ipsum dolor sit amet, consectetuer adipiscing elit, sed diam nonummy nibh euismod tincid unt ut laoreet dolore magna aliquam erat volutpat. Ut wisi enim ad minim veniam.<\/p><span class=\"newline\"><\/span><p>Quis nostrud exerci tation ullam corper suscipit lobortis nisl ut aliquip ex ea commodo consequat.<\/p>\r\n                    <a href=\"#\" class=\"text-only-btn\">Next Process                        <i class=\"ml-symone-2-arrow-left-right-up-down-increase-decrease\"><\/i>\r\n                    <\/a>\r\n                <\/div>\r\n                <!-- End of .col-lg-6 -->\r\n            <\/div>\r\n        <\/div>\r\n                <div role=\"tabpanel\" class=\"tab-pane \" id=\"customtab-42703369d7ca85e321d\">\r\n            <div class=\"row no-gutters align-items-center\">\r\n                <div class=\"col-lg-5 text-lg-right\">\r\n                    <img loading=\"lazy\" decoding=\"async\" width=\"420\" height=\"320\" src=\"https:\/\/www.securityservip.com\/wp-content\/uploads\/2018\/09\/seo-process-img-3.jpg\" class=\"img-fluid\" alt=\"\" srcset=\"https:\/\/www.securityservip.com\/wp-content\/uploads\/2018\/09\/seo-process-img-3.jpg 420w, https:\/\/www.securityservip.com\/wp-content\/uploads\/2018\/09\/seo-process-img-3-300x229.jpg 300w\" sizes=\"auto, (max-width: 420px) 100vw, 420px\" \/>                <\/div>\r\n                <!-- End of .col-lg-6 -->\r\n\r\n                <div class=\"col-lg-6 offset-lg-1 text-center text-lg-left\">\r\n                    <h4>Optimization<\/h4>\r\n                    <p>Lorem ipsum dolor sit amet, consectetuer adipiscing elit, sed diam nonummy nibh euismod tincid unt ut laoreet dolore magna aliquam erat volutpat. Ut wisi enim ad minim veniam.<\/p><span class=\"newline\"><\/span><p>Quis nostrud exerci tation ullam corper suscipit lobortis nisl ut aliquip ex ea commodo consequat.<\/p>\r\n                    <a href=\"#\" class=\"text-only-btn\">Next Process                        <i class=\"ml-symone-2-arrow-left-right-up-down-increase-decrease\"><\/i>\r\n                    <\/a>\r\n                <\/div>\r\n                <!-- End of .col-lg-6 -->\r\n            <\/div>\r\n        <\/div>\r\n                <div role=\"tabpanel\" class=\"tab-pane \" id=\"customtab-72097869d7ca85e37b7\">\r\n            <div class=\"row no-gutters align-items-center\">\r\n                <div class=\"col-lg-5 text-lg-right\">\r\n                    <img loading=\"lazy\" decoding=\"async\" width=\"420\" height=\"320\" src=\"https:\/\/www.securityservip.com\/wp-content\/uploads\/2018\/09\/seo-process-img-4.jpg\" class=\"img-fluid\" alt=\"\" srcset=\"https:\/\/www.securityservip.com\/wp-content\/uploads\/2018\/09\/seo-process-img-4.jpg 420w, https:\/\/www.securityservip.com\/wp-content\/uploads\/2018\/09\/seo-process-img-4-300x229.jpg 300w\" sizes=\"auto, (max-width: 420px) 100vw, 420px\" \/>                <\/div>\r\n                <!-- End of .col-lg-6 -->\r\n\r\n                <div class=\"col-lg-6 offset-lg-1 text-center text-lg-left\">\r\n                    <h4>Content<\/h4>\r\n                    <p>Lorem ipsum dolor sit amet, consectetuer adipiscing elit, sed diam nonummy nibh euismod tincid unt ut laoreet dolore magna aliquam erat volutpat. Ut wisi enim ad minim veniam.<\/p><span class=\"newline\"><\/span><p>Quis nostrud exerci tation ullam corper suscipit lobortis nisl ut aliquip ex ea commodo consequat.<\/p>\r\n                    <a href=\"#\" class=\"text-only-btn\">Next Process                        <i class=\"ml-symone-2-arrow-left-right-up-down-increase-decrease\"><\/i>\r\n                    <\/a>\r\n                <\/div>\r\n                <!-- End of .col-lg-6 -->\r\n            <\/div>\r\n        <\/div>\r\n                <div role=\"tabpanel\" class=\"tab-pane \" id=\"customtab-43198469d7ca85e3d3e\">\r\n            <div class=\"row no-gutters align-items-center\">\r\n                <div class=\"col-lg-5 text-lg-right\">\r\n                    <img loading=\"lazy\" decoding=\"async\" width=\"420\" height=\"320\" src=\"https:\/\/www.securityservip.com\/wp-content\/uploads\/2018\/09\/seo-process-img-5.jpg\" class=\"img-fluid\" alt=\"\" srcset=\"https:\/\/www.securityservip.com\/wp-content\/uploads\/2018\/09\/seo-process-img-5.jpg 420w, https:\/\/www.securityservip.com\/wp-content\/uploads\/2018\/09\/seo-process-img-5-300x229.jpg 300w\" sizes=\"auto, (max-width: 420px) 100vw, 420px\" \/>                <\/div>\r\n                <!-- End of .col-lg-6 -->\r\n\r\n                <div class=\"col-lg-6 offset-lg-1 text-center text-lg-left\">\r\n                    <h4>Reporting<\/h4>\r\n                    <p>Lorem ipsum dolor sit amet, consectetuer adipiscing elit, sed diam nonummy nibh euismod tincid unt ut laoreet dolore magna aliquam erat volutpat. Ut wisi enim ad minim veniam.<\/p><span class=\"newline\"><\/span><p>Quis nostrud exerci tation ullam corper suscipit lobortis nisl ut aliquip ex ea commodo consequat.<\/p>\r\n                    <a href=\"#\" class=\"text-only-btn\">Next Process                        <i class=\"ml-symone-2-arrow-left-right-up-down-increase-decrease\"><\/i>\r\n                    <\/a>\r\n                <\/div>\r\n                <!-- End of .col-lg-6 -->\r\n            <\/div>\r\n        <\/div>\r\n                    <\/div>\r\n        <\/div>\r\n        <\/div>\r\n        <!-- End Tabs Area -->\r\n        [\/vc_column][\/vc_row][\/vc_section][vc_section el_class=&#8221;featured-projects section-padding&#8221;][vc_row][vc_column]                <h2 class=\"text-center\">SMM Case Studies<\/h2>\r\n                            <svg class=\"bg-shape shape-case-study reveal-from-left\" xmlns=\"http:\/\/www.w3.org\/2000\/svg\" xmlns:xlink=\"http:\/\/www.w3.org\/1999\/xlink\"\r\n                 width=\"779px\" height=\"759px\">\r\n                <defs>\r\n                    <linearGradient id=\"PSgrad_03\" x1=\"70.711%\" x2=\"0%\" y1=\"70.711%\" y2=\"0%\">\r\n                        <stop offset=\"0%\" stop-color=\"rgb(237,247,255)\" stop-opacity=\"1\" \/>\r\n                        <stop offset=\"100%\" stop-color=\"rgb(237,247,255)\" stop-opacity=\"0\" \/>\r\n                    <\/linearGradient>\r\n\r\n                <\/defs>\r\n                <path fill-rule=\"evenodd\" fill=\"url(#PSgrad_03)\" d=\"M111.652,578.171 L218.141,672.919 C355.910,795.500 568.207,784.561 692.320,648.484 C816.434,512.409 805.362,302.726 667.592,180.144 L561.104,85.396 C423.334,-37.184 211.037,-26.245 86.924,109.832 C-37.189,245.908 -26.118,455.590 111.652,578.171 Z\"\r\n                \/>\r\n            <\/svg>\r\n            <div class=\"container\">\r\n                <div class=\"case-study-showcase\">\r\n                    <div class=\"row equalHeightWrapper\">\r\n                                                    <div class=\"item col-md-6\">\r\n                                <a href=\"https:\/\/www.securityservip.com\/index.php\/case-study\/politica\/\" class=\"case-study-content-block content-block text-left\">\r\n                                    <div class=\"img-container\">\r\n                                        <img loading=\"lazy\" decoding=\"async\" width=\"524\" height=\"460\" src=\"https:\/\/www.securityservip.com\/wp-content\/uploads\/2018\/08\/case-study-2.jpg\" class=\"img-fluid wp-post-image\" alt=\"\" srcset=\"https:\/\/www.securityservip.com\/wp-content\/uploads\/2018\/08\/case-study-2.jpg 524w, https:\/\/www.securityservip.com\/wp-content\/uploads\/2018\/08\/case-study-2-300x263.jpg 300w, https:\/\/www.securityservip.com\/wp-content\/uploads\/2018\/08\/case-study-2-153x133.jpg 153w\" sizes=\"auto, (max-width: 524px) 100vw, 524px\" \/>                                    <\/div>\r\n                                    <!-- End of .img-container -->\r\n                                    <div class=\"txt-content equalHeight\">\r\n                                        <h5>Politica<\/h5>\r\n                                        <p>Nuestra Pol\u00edtica de seguridad nos compromete con la prestaci\u00f3n efectiva de servicios en materia de seguridad privada, a trav\u00e9s de un personal competente y confiable, mediante un proceso planificado de cumplimiento legal que reduzca las actividades il\u00edcitas en nuestras operaciones.<\/p>\r\n                                    <\/div>\r\n                                    <!-- End of .txt-content -->\r\n                                <\/a>\r\n                                <!-- End of .featured-content-block -->\r\n                            <\/div>\r\n                                                        <div class=\"item col-md-6\">\r\n                                <a href=\"https:\/\/www.securityservip.com\/index.php\/case-study\/valores\/\" class=\"case-study-content-block content-block text-left\">\r\n                                    <div class=\"img-container\">\r\n                                        <img loading=\"lazy\" decoding=\"async\" width=\"524\" height=\"460\" src=\"https:\/\/www.securityservip.com\/wp-content\/uploads\/2018\/08\/case-study-1.jpg\" class=\"img-fluid wp-post-image\" alt=\"\" srcset=\"https:\/\/www.securityservip.com\/wp-content\/uploads\/2018\/08\/case-study-1.jpg 524w, https:\/\/www.securityservip.com\/wp-content\/uploads\/2018\/08\/case-study-1-300x263.jpg 300w, https:\/\/www.securityservip.com\/wp-content\/uploads\/2018\/08\/case-study-1-153x133.jpg 153w\" sizes=\"auto, (max-width: 524px) 100vw, 524px\" \/>                                    <\/div>\r\n                                    <!-- End of .img-container -->\r\n                                    <div class=\"txt-content equalHeight\">\r\n                                        <h5>Valores<\/h5>\r\n                                        <p>Los principales valores que identifican nuestro accionar e identidad corporativa son la integridad, compromiso, honestidad y profesionalidad, orientados de manera equitativa a la prestaci\u00f3n de nuestros servicios.<\/p>\r\n                                    <\/div>\r\n                                    <!-- End of .txt-content -->\r\n                                <\/a>\r\n                                <!-- End of .featured-content-block -->\r\n                            <\/div>\r\n                                                        <div class=\"item col-md-6\">\r\n                                <a href=\"https:\/\/www.securityservip.com\/index.php\/case-study\/fortaleza-y-mercado\/\" class=\"case-study-content-block content-block text-left\">\r\n                                    <div class=\"img-container\">\r\n                                        <img loading=\"lazy\" decoding=\"async\" width=\"524\" height=\"460\" src=\"https:\/\/www.securityservip.com\/wp-content\/uploads\/2018\/08\/case-study-6.jpg\" class=\"img-fluid wp-post-image\" alt=\"\" srcset=\"https:\/\/www.securityservip.com\/wp-content\/uploads\/2018\/08\/case-study-6.jpg 524w, https:\/\/www.securityservip.com\/wp-content\/uploads\/2018\/08\/case-study-6-300x263.jpg 300w, https:\/\/www.securityservip.com\/wp-content\/uploads\/2018\/08\/case-study-6-153x133.jpg 153w\" sizes=\"auto, (max-width: 524px) 100vw, 524px\" \/>                                    <\/div>\r\n                                    <!-- End of .img-container -->\r\n                                    <div class=\"txt-content equalHeight\">\r\n                                        <h5>Fortaleza y Mercado<\/h5>\r\n                                        <p>Solidez y experiencia de mercado como marca establecida operando continuamente en el mercado local. Legalidad vigente y actualizada sobre normas y documentos requeridos por nuestros organismos reguladores. Programa de capacitaci\u00f3n, entrenamiento e inducci\u00f3n a todo el personal de ingreso a la empresa, depurados mediante la asistencia de huellas de la polic\u00eda nacional y visita domiciliaria<\/p>\r\n                                    <\/div>\r\n                                    <!-- End of .txt-content -->\r\n                                <\/a>\r\n                                <!-- End of .featured-content-block -->\r\n                            <\/div>\r\n                                                <\/div><!--row-->\r\n                                    <\/div>\r\n            <\/div>\r\n\r\n            [\/vc_column][\/vc_row][\/vc_section]<\/p>\n","protected":false},"excerpt":{"rendered":"<p>[vc_section el_class=&#8221;image-with-description&#8221;][vc_row][vc_column][\/vc_column][\/vc_row][\/vc_section][vc_section el_class=&#8221;our-process section-padding&#8221;][vc_row][vc_column][\/vc_column][\/vc_row][\/vc_section][vc_section el_class=&#8221;featured-projects section-padding&#8221;][vc_row][vc_column][\/vc_column][\/vc_row][\/vc_section]<\/p>\n","protected":false},"author":1,"featured_media":0,"parent":0,"menu_order":0,"comment_status":"closed","ping_status":"closed","template":"template-modernpage.php","meta":{"footnotes":""},"class_list":["post-251","page","type-page","status-publish","hentry"],"_links":{"self":[{"href":"https:\/\/www.securityservip.com\/index.php\/wp-json\/wp\/v2\/pages\/251","targetHints":{"allow":["GET"]}}],"collection":[{"href":"https:\/\/www.securityservip.com\/index.php\/wp-json\/wp\/v2\/pages"}],"about":[{"href":"https:\/\/www.securityservip.com\/index.php\/wp-json\/wp\/v2\/types\/page"}],"author":[{"embeddable":true,"href":"https:\/\/www.securityservip.com\/index.php\/wp-json\/wp\/v2\/users\/1"}],"replies":[{"embeddable":true,"href":"https:\/\/www.securityservip.com\/index.php\/wp-json\/wp\/v2\/comments?post=251"}],"version-history":[{"count":0,"href":"https:\/\/www.securityservip.com\/index.php\/wp-json\/wp\/v2\/pages\/251\/revisions"}],"wp:attachment":[{"href":"https:\/\/www.securityservip.com\/index.php\/wp-json\/wp\/v2\/media?parent=251"}],"curies":[{"name":"wp","href":"https:\/\/api.w.org\/{rel}","templated":true}]}}